{"id":591,"date":"2026-04-13T08:58:51","date_gmt":"2026-04-13T08:58:51","guid":{"rendered":"https:\/\/daunhottrongkhoi.com\/?post_type=product&#038;p=591"},"modified":"2026-04-14T07:21:20","modified_gmt":"2026-04-14T07:21:20","slug":"castrol-hyspin-aws-68","status":"publish","type":"product","link":"https:\/\/daunhottrongkhoi.com\/product\/castrol-hyspin-aws-68\/","title":{"rendered":"D\u1ea7u Th\u1ee7y L\u1ef1c Castrol Hyspin AWS 68"},"content":{"rendered":"<p><strong>Castrol Hyspin AWS 68\u00a0<\/strong>l\u00e0 d\u1ea7u th\u1ee7y l\u1ef1c\u00a0<em>(Hydraulic Oil)<\/em>\u00a0ch\u1ea5t l\u01b0\u1ee3ng cao. D\u1ea7u \u0111\u01b0\u1ee3c pha ch\u1ebf t\u1eeb d\u1ea7u g\u1ed1c kho\u00e1ng x\u1eed l\u00fd hydro cao c\u1ea5p (d\u1ea7u g\u1ed1c nh\u00f3m II). D\u1ea7u \u0111\u01b0\u1ee3c thi\u1ebft k\u1ebf \u0111\u1eb7c bi\u1ec7t v\u1edbi h\u1ec7 ph\u1ee5 gia ch\u1ed1ng m\u00e0i m\u00f2n g\u1ed1c k\u1ebdm c\u00f3 t\u00ednh n\u0103ng \u1ed5n \u0111\u1ecbnh. Mang l\u1ea1i kh\u1ea3 n\u0103ng ch\u1ed1ng m\u00e0i m\u00f2n v\u00e0 b\u1ec1n nhi\u1ec7t tuy\u1ec7t h\u1ea3o. H\u1ec7 ph\u1ee5 gia ch\u1ecdn l\u1ecdc &amp; d\u1ea7u g\u1ed1c ch\u1ea5t l\u01b0\u1ee3ng cao \u0111\u1ea3m b\u1ea3o Castrol Hyspin AWS c\u00f3 t\u00ednh b\u1ec1n th\u1ee7y ph\u00e2n. V\u00e0 b\u1ec1n oxi h\u00f3a \u0111\u1ed3ng th\u1eddi gi\u1ea3m thi\u1ec3u kh\u1ea3 n\u0103ng t\u1ea1o c\u1eb7n.<\/p>\n<ul class=\"wp-block-list\">\n<li><strong>B\u00f4i tr\u01a1n:<\/strong>\u00a0Gi\u1ea3m ma s\u00e1t gi\u1eefa c\u00e1c b\u1ed9 ph\u1eadn chuy\u1ec3n \u0111\u1ed9ng.<\/li>\n<li><strong>Ch\u1ed1ng \u0103n m\u00f2n:<\/strong>\u00a0Ch\u1ed1ng r\u1ec9 s\u00e9t v\u00e0 \u0111\u1ed9 \u1ed5n \u0111\u1ecbnh oxi h\u00f3a t\u1ed1t.<\/li>\n<li><strong>Ch\u1ed1ng m\u00e0i m\u00f2n:<\/strong>\u00a0L\u1edbp m\u00e0ng ng\u0103n ti\u1ebfp x\u00fac kim lo\u1ea1i.<\/li>\n<li><strong>T\u00e1ch b\u1ecdt &amp; kh\u00ed:<\/strong>\u00a0Tr\u00e1nh hi\u1ec7n t\u01b0\u1ee3ng r\u1ed7 kh\u00ed c\u1ee7a b\u01a1m.<\/li>\n<li><strong>L\u00e0m s\u1ea1ch:<\/strong>\u00a0D\u1ea7u \u0111em c\u00e1c c\u1eb7n b\u1ea9n v\u1ec1 b\u1ed9 l\u1ecdc h\u1ec7 th\u1ed1ng.<\/li>\n<li><strong>\u1ed4n \u0111\u1ecbnh nhi\u1ec7t:<\/strong>\u00a0Gi\u00fap l\u00e0m m\u00e1t &amp; t\u1ea3n nhi\u1ec7t do ma s\u00e1t.<\/li>\n<\/ul>\n<p><strong>Castrol Hyspin AWS 68<\/strong>\u00a0th\u00edch h\u1ee3p v\u1edbi r\u1ea5t nhi\u1ec1u \u1ee9ng d\u1ee5ng truy\u1ec1n \u0111\u1ed9ng th\u1ee7y l\u1ef1c trong c\u00f4ng nghi\u1ec7p v\u00e0 s\u1ea3n xu\u1ea5t. D\u1ea7u c\u0169ng s\u1eed d\u1ee5ng hi\u1ec7u qu\u1ea3 trong c\u00e1c \u1ee9ng d\u1ee5ng th\u1ee7y l\u1ef1c di \u0111\u1ed9ng nh\u01b0 m\u00e1y x\u00fac v\u00e0 m\u00e1y c\u1ea9u.<\/p>\n<p>&nbsp;<\/p>\n<h2 id=\"h-thong-s\u1ed1-k\u1ef9-thu\u1eadt-castrol-hyspin-aws-68\" class=\"wp-block-heading has-text-align-left has-vivid-red-color has-text-color has-background\"><strong>TH\u00d4NG S\u1ed0 K\u1ef8 THU\u1eacT \u2013\u00a0CASTROL HYSPIN AWS\u00a068<\/strong><\/h2>\n<div class=\"wp-block-columns is-layout-flex wp-container-core-columns-is-layout-28f84493 wp-block-columns-is-layout-flex\">\n<div class=\"wp-block-column is-layout-flow wp-block-column-is-layout-flow\">\n<figure class=\"wp-block-table is-style-stripes\">\n<table class=\"has-black-color has-text-color has-background has-border-color\">\n<thead>\n<tr>\n<th class=\"has-text-align-left\" data-align=\"left\">T\u00ednh Ch\u1ea5t<\/th>\n<th class=\"has-text-align-left\" data-align=\"left\">Ph\u01b0\u01a1ng Ph\u00e1p<\/th>\n<th class=\"has-text-align-center\" data-align=\"center\"><strong>AWS 68<\/strong><\/th>\n<\/tr>\n<\/thead>\n<tbody>\n<tr>\n<td class=\"has-text-align-left\" data-align=\"left\">Kh\u1ed1i l\u01b0\u1ee3ng ri\u00eang \u1edf 15<sup>o<\/sup>C, g\/ml<\/td>\n<td class=\"has-text-align-left\" data-align=\"left\">ASTM D4052<\/td>\n<td class=\"has-text-align-center\" data-align=\"center\">0.881<\/td>\n<\/tr>\n<tr>\n<td class=\"has-text-align-left\" data-align=\"left\">\u0110\u1ed9 nh\u1edbt \u0111\u1ed9ng h\u1ecdc \u1edf 40<sup>o<\/sup>C, mm<sup>2<\/sup>\/s<\/td>\n<td class=\"has-text-align-left\" data-align=\"left\">ASTM D445<\/td>\n<td class=\"has-text-align-center\" data-align=\"center\">67.29<\/td>\n<\/tr>\n<tr>\n<td class=\"has-text-align-left\" data-align=\"left\">\u0110\u1ed9 nh\u1edbt \u0111\u1ed9ng h\u1ecdc \u1edf 100<sup>o<\/sup>C, mm<sup>2<\/sup>\/s<\/td>\n<td class=\"has-text-align-left\" data-align=\"left\">ASTM D445<\/td>\n<td class=\"has-text-align-center\" data-align=\"center\">8.79<\/td>\n<\/tr>\n<tr>\n<td class=\"has-text-align-left\" data-align=\"left\">Ch\u1ec9 s\u1ed1 \u0111\u1ed9 nh\u1edbt<\/td>\n<td class=\"has-text-align-left\" data-align=\"left\">ASTM 2270<\/td>\n<td class=\"has-text-align-center\" data-align=\"center\">103<\/td>\n<\/tr>\n<tr>\n<td class=\"has-text-align-left\" data-align=\"left\">\u0110i\u1ec3m r\u00f3t ch\u1ea3y \/\u00a0<sup>o<\/sup>C<\/td>\n<td class=\"has-text-align-left\" data-align=\"left\">ASTM D97<\/td>\n<td class=\"has-text-align-center\" data-align=\"center\">-21<\/td>\n<\/tr>\n<tr>\n<td class=\"has-text-align-left\" data-align=\"left\">\u0110i\u1ec3m ch\u1edbp ch\u00e1y c\u1ed1c k\u00edn \/\u00a0<sup>o<\/sup>C<\/td>\n<td class=\"has-text-align-left\" data-align=\"left\">ASTM D93<\/td>\n<td class=\"has-text-align-center\" data-align=\"center\">225<\/td>\n<\/tr>\n<tr>\n<td class=\"has-text-align-left\" data-align=\"left\">\u0110\u1ed9 t\u1ea1o b\u1ecdt SeqI \/ ml\/ml<\/td>\n<td class=\"has-text-align-left\" data-align=\"left\">ASTM D892<\/td>\n<td class=\"has-text-align-center\" data-align=\"center\">10\/0<\/td>\n<\/tr>\n<tr>\n<td class=\"has-text-align-left\" data-align=\"left\">\u0110\u1ed9 t\u00e1ch n\u01b0\u1edbc \u1edf 54<sup>o<\/sup>C \/ ph\u00fat<\/td>\n<td class=\"has-text-align-left\" data-align=\"left\">ASTM D1410<\/td>\n<td class=\"has-text-align-center\" data-align=\"center\">15<\/td>\n<\/tr>\n<tr>\n<td class=\"has-text-align-left\" data-align=\"left\">\u0110\u1ed9 t\u00e1ch n\u01b0\u1edbc \u1edf 82<sup>o<\/sup>C \/ ph\u00fat<\/td>\n<td class=\"has-text-align-left\" data-align=\"left\">ASTM D1401<\/td>\n<td class=\"has-text-align-center\" data-align=\"center\">\u2013<\/td>\n<\/tr>\n<tr>\n<td class=\"has-text-align-left\" data-align=\"left\">\u0110\u1ed9 t\u00e1ch kh\u00ed \u1edf 50<sup>o<\/sup>C \/ ph\u00fat<\/td>\n<td class=\"has-text-align-left\" data-align=\"left\">ASTM D3427<\/td>\n<td class=\"has-text-align-center\" data-align=\"center\">8<\/td>\n<\/tr>\n<tr>\n<td class=\"has-text-align-left\" data-align=\"left\">C\u1ea5p t\u1ea3i FZG (A8.3\/90)<\/td>\n<td class=\"has-text-align-left\" data-align=\"left\">DIN 51354<\/td>\n<td class=\"has-text-align-center\" data-align=\"center\">12<\/td>\n<\/tr>\n<tr>\n<td class=\"has-text-align-left\" data-align=\"left\">T\u00ednh ch\u1ed1ng r\u1ec9 (24 gi\u1edd)<\/td>\n<td class=\"has-text-align-left\" data-align=\"left\">ASTM D665B<\/td>\n<td class=\"has-text-align-center\" data-align=\"center\">Pass<\/td>\n<\/tr>\n<tr>\n<td class=\"has-text-align-left\" data-align=\"left\">\u0102n m\u00f2n \u0111\u1ed3ng (3 gi\u1edd, 100<sup>o<\/sup>C)<\/td>\n<td class=\"has-text-align-left\" data-align=\"left\">ASTM D130<\/td>\n<td class=\"has-text-align-center\" data-align=\"center\">1A<\/td>\n<\/tr>\n<\/tbody>\n<\/table>\n<\/figure>\n<\/div>\n<\/div>\n","protected":false},"excerpt":{"rendered":"<p><strong>Castrol Hyspin AWS 68\u00a0<\/strong>l\u00e0 d\u1ea7u th\u1ee7y l\u1ef1c\u00a0<em>(Hydraulic Oil)<\/em>\u00a0ch\u1ea5t l\u01b0\u1ee3ng cao. D\u1ea7u \u0111\u01b0\u1ee3c pha ch\u1ebf t\u1eeb d\u1ea7u g\u1ed1c kho\u00e1ng x\u1eed l\u00fd hydro cao c\u1ea5p (d\u1ea7u g\u1ed1c nh\u00f3m II). D\u1ea7u \u0111\u01b0\u1ee3c thi\u1ebft k\u1ebf \u0111\u1eb7c bi\u1ec7t v\u1edbi h\u1ec7 ph\u1ee5 gia ch\u1ed1ng m\u00e0i m\u00f2n g\u1ed1c k\u1ebdm c\u00f3 t\u00ednh n\u0103ng \u1ed5n \u0111\u1ecbnh. Mang l\u1ea1i kh\u1ea3 n\u0103ng ch\u1ed1ng m\u00e0i m\u00f2n v\u00e0 b\u1ec1n nhi\u1ec7t tuy\u1ec7t h\u1ea3o. H\u1ec7 ph\u1ee5 gia ch\u1ecdn l\u1ecdc &amp; d\u1ea7u g\u1ed1c ch\u1ea5t l\u01b0\u1ee3ng cao \u0111\u1ea3m b\u1ea3o Castrol Hyspin AWS c\u00f3 t\u00ednh b\u1ec1n th\u1ee7y ph\u00e2n. V\u00e0 b\u1ec1n oxi h\u00f3a \u0111\u1ed3ng th\u1eddi gi\u1ea3m thi\u1ec3u kh\u1ea3 n\u0103ng t\u1ea1o c\u1eb7n.<\/p>\n","protected":false},"featured_media":462,"comment_status":"open","ping_status":"closed","template":"","meta":[],"product_cat":[55,72],"product_tag":[],"class_list":{"0":"post-591","1":"product","2":"type-product","3":"status-publish","4":"has-post-thumbnail","6":"product_cat-nhot-dong-co","7":"product_cat-dau-thuy-luc","9":"first","10":"instock","11":"shipping-taxable","12":"product-type-simple"},"yoast_head":"<!-- This site is optimized with the Yoast SEO plugin v27.3 - https:\/\/yoast.com\/product\/yoast-seo-wordpress\/ -->\n<title>D\u1ea7u Th\u1ee7y L\u1ef1c Castrol Hyspin AWS 68 - D\u1ea7u Nh\u1eddn Ch\u00ednh H\u00e3ng<\/title>\n<meta name=\"description\" content=\"Castrol Hyspin AWS 68\u00a0l\u00e0 d\u1ea7u th\u1ee7y l\u1ef1c\u00a0(Hydraulic Oil)\u00a0ch\u1ea5t l\u01b0\u1ee3ng cao. D\u1ea7u \u0111\u01b0\u1ee3c pha ch\u1ebf t\u1eeb d\u1ea7u g\u1ed1c kho\u00e1ng x\u1eed l\u00fd hydro cao c\u1ea5p (d\u1ea7u g\u1ed1c nh\u00f3m II). D\u1ea7u \u0111\u01b0\u1ee3c thi\u1ebft k\u1ebf \u0111\u1eb7c bi\u1ec7t v\u1edbi h\u1ec7 ph\u1ee5 gia ch\u1ed1ng m\u00e0i m\u00f2n g\u1ed1c k\u1ebdm c\u00f3 t\u00ednh n\u0103ng \u1ed5n \u0111\u1ecbnh. Mang l\u1ea1i kh\u1ea3 n\u0103ng ch\u1ed1ng m\u00e0i m\u00f2n v\u00e0 b\u1ec1n nhi\u1ec7t tuy\u1ec7t h\u1ea3o. H\u1ec7 ph\u1ee5 gia ch\u1ecdn l\u1ecdc &amp; d\u1ea7u g\u1ed1c ch\u1ea5t l\u01b0\u1ee3ng cao \u0111\u1ea3m b\u1ea3o Castrol Hyspin AWS c\u00f3 t\u00ednh b\u1ec1n th\u1ee7y ph\u00e2n. V\u00e0 b\u1ec1n oxi h\u00f3a \u0111\u1ed3ng th\u1eddi gi\u1ea3m thi\u1ec3u kh\u1ea3 n\u0103ng t\u1ea1o c\u1eb7n.\" \/>\n<meta name=\"robots\" content=\"index, follow, max-snippet:-1, max-image-preview:large, max-video-preview:-1\" \/>\n<link rel=\"canonical\" href=\"https:\/\/daunhottrongkhoi.com\/product\/castrol-hyspin-aws-68\/\" \/>\n<meta property=\"og:locale\" content=\"vi_VN\" \/>\n<meta property=\"og:type\" content=\"article\" \/>\n<meta property=\"og:title\" content=\"D\u1ea7u Th\u1ee7y L\u1ef1c Castrol Hyspin AWS 68 - D\u1ea7u Nh\u1eddn Ch\u00ednh H\u00e3ng\" \/>\n<meta property=\"og:description\" content=\"Castrol Hyspin AWS 68\u00a0l\u00e0 d\u1ea7u th\u1ee7y l\u1ef1c\u00a0(Hydraulic Oil)\u00a0ch\u1ea5t l\u01b0\u1ee3ng cao. D\u1ea7u \u0111\u01b0\u1ee3c pha ch\u1ebf t\u1eeb d\u1ea7u g\u1ed1c kho\u00e1ng x\u1eed l\u00fd hydro cao c\u1ea5p (d\u1ea7u g\u1ed1c nh\u00f3m II). D\u1ea7u \u0111\u01b0\u1ee3c thi\u1ebft k\u1ebf \u0111\u1eb7c bi\u1ec7t v\u1edbi h\u1ec7 ph\u1ee5 gia ch\u1ed1ng m\u00e0i m\u00f2n g\u1ed1c k\u1ebdm c\u00f3 t\u00ednh n\u0103ng \u1ed5n \u0111\u1ecbnh. Mang l\u1ea1i kh\u1ea3 n\u0103ng ch\u1ed1ng m\u00e0i m\u00f2n v\u00e0 b\u1ec1n nhi\u1ec7t tuy\u1ec7t h\u1ea3o. H\u1ec7 ph\u1ee5 gia ch\u1ecdn l\u1ecdc &amp; d\u1ea7u g\u1ed1c ch\u1ea5t l\u01b0\u1ee3ng cao \u0111\u1ea3m b\u1ea3o Castrol Hyspin AWS c\u00f3 t\u00ednh b\u1ec1n th\u1ee7y ph\u00e2n. V\u00e0 b\u1ec1n oxi h\u00f3a \u0111\u1ed3ng th\u1eddi gi\u1ea3m thi\u1ec3u kh\u1ea3 n\u0103ng t\u1ea1o c\u1eb7n.\" \/>\n<meta property=\"og:url\" content=\"https:\/\/daunhottrongkhoi.com\/product\/castrol-hyspin-aws-68\/\" \/>\n<meta property=\"og:site_name\" content=\"D\u1ea7u Nh\u1eddn Ch\u00ednh H\u00e3ng\" \/>\n<meta property=\"article:modified_time\" content=\"2026-04-14T07:21:20+00:00\" \/>\n<meta property=\"og:image\" content=\"http:\/\/daunhottrongkhoi.com\/wp-content\/uploads\/2022\/04\/castrol-drum.jpg.img_.375.medium-1.jpg\" \/>\n\t<meta property=\"og:image:width\" content=\"375\" \/>\n\t<meta property=\"og:image:height\" content=\"375\" \/>\n\t<meta property=\"og:image:type\" content=\"image\/jpeg\" \/>\n<meta name=\"twitter:card\" content=\"summary_large_image\" \/>\n<meta name=\"twitter:label1\" content=\"\u01af\u1edbc t\u00ednh th\u1eddi gian \u0111\u1ecdc\" \/>\n\t<meta name=\"twitter:data1\" content=\"3 ph\u00fat\" \/>\n<script type=\"application\/ld+json\" class=\"yoast-schema-graph\">{\"@context\":\"https:\\\/\\\/schema.org\",\"@graph\":[{\"@type\":\"WebPage\",\"@id\":\"https:\\\/\\\/daunhottrongkhoi.com\\\/product\\\/castrol-hyspin-aws-68\\\/\",\"url\":\"https:\\\/\\\/daunhottrongkhoi.com\\\/product\\\/castrol-hyspin-aws-68\\\/\",\"name\":\"D\u1ea7u Th\u1ee7y L\u1ef1c Castrol Hyspin AWS 68 - D\u1ea7u Nh\u1eddn Ch\u00ednh H\u00e3ng\",\"isPartOf\":{\"@id\":\"https:\\\/\\\/daunhottrongkhoi.com\\\/#website\"},\"primaryImageOfPage\":{\"@id\":\"https:\\\/\\\/daunhottrongkhoi.com\\\/product\\\/castrol-hyspin-aws-68\\\/#primaryimage\"},\"image\":{\"@id\":\"https:\\\/\\\/daunhottrongkhoi.com\\\/product\\\/castrol-hyspin-aws-68\\\/#primaryimage\"},\"thumbnailUrl\":\"https:\\\/\\\/daunhottrongkhoi.com\\\/wp-content\\\/uploads\\\/2022\\\/04\\\/castrol-drum.jpg.img_.375.medium-1.jpg\",\"datePublished\":\"2026-04-13T08:58:51+00:00\",\"dateModified\":\"2026-04-14T07:21:20+00:00\",\"description\":\"Castrol Hyspin AWS 68\u00a0l\u00e0 d\u1ea7u th\u1ee7y l\u1ef1c\u00a0(Hydraulic Oil)\u00a0ch\u1ea5t l\u01b0\u1ee3ng cao. D\u1ea7u \u0111\u01b0\u1ee3c pha ch\u1ebf t\u1eeb d\u1ea7u g\u1ed1c kho\u00e1ng x\u1eed l\u00fd hydro cao c\u1ea5p (d\u1ea7u g\u1ed1c nh\u00f3m II). D\u1ea7u \u0111\u01b0\u1ee3c thi\u1ebft k\u1ebf \u0111\u1eb7c bi\u1ec7t v\u1edbi h\u1ec7 ph\u1ee5 gia ch\u1ed1ng m\u00e0i m\u00f2n g\u1ed1c k\u1ebdm c\u00f3 t\u00ednh n\u0103ng \u1ed5n \u0111\u1ecbnh. Mang l\u1ea1i kh\u1ea3 n\u0103ng ch\u1ed1ng m\u00e0i m\u00f2n v\u00e0 b\u1ec1n nhi\u1ec7t tuy\u1ec7t h\u1ea3o. H\u1ec7 ph\u1ee5 gia ch\u1ecdn l\u1ecdc & d\u1ea7u g\u1ed1c ch\u1ea5t l\u01b0\u1ee3ng cao \u0111\u1ea3m b\u1ea3o Castrol Hyspin AWS c\u00f3 t\u00ednh b\u1ec1n th\u1ee7y ph\u00e2n. V\u00e0 b\u1ec1n oxi h\u00f3a \u0111\u1ed3ng th\u1eddi gi\u1ea3m thi\u1ec3u kh\u1ea3 n\u0103ng t\u1ea1o c\u1eb7n.\",\"breadcrumb\":{\"@id\":\"https:\\\/\\\/daunhottrongkhoi.com\\\/product\\\/castrol-hyspin-aws-68\\\/#breadcrumb\"},\"inLanguage\":\"vi\",\"potentialAction\":[{\"@type\":\"ReadAction\",\"target\":[\"https:\\\/\\\/daunhottrongkhoi.com\\\/product\\\/castrol-hyspin-aws-68\\\/\"]}]},{\"@type\":\"ImageObject\",\"inLanguage\":\"vi\",\"@id\":\"https:\\\/\\\/daunhottrongkhoi.com\\\/product\\\/castrol-hyspin-aws-68\\\/#primaryimage\",\"url\":\"https:\\\/\\\/daunhottrongkhoi.com\\\/wp-content\\\/uploads\\\/2022\\\/04\\\/castrol-drum.jpg.img_.375.medium-1.jpg\",\"contentUrl\":\"https:\\\/\\\/daunhottrongkhoi.com\\\/wp-content\\\/uploads\\\/2022\\\/04\\\/castrol-drum.jpg.img_.375.medium-1.jpg\",\"width\":375,\"height\":375,\"caption\":\"dau-thuy-luc-khong-kem-castrol-hyspin-hvi-68\"},{\"@type\":\"BreadcrumbList\",\"@id\":\"https:\\\/\\\/daunhottrongkhoi.com\\\/product\\\/castrol-hyspin-aws-68\\\/#breadcrumb\",\"itemListElement\":[{\"@type\":\"ListItem\",\"position\":1,\"name\":\"Trang ch\u1ee7\",\"item\":\"https:\\\/\\\/daunhottrongkhoi.com\\\/\"},{\"@type\":\"ListItem\",\"position\":2,\"name\":\"Shop\",\"item\":\"https:\\\/\\\/daunhottrongkhoi.com\\\/shop\\\/\"},{\"@type\":\"ListItem\",\"position\":3,\"name\":\"D\u1ea7u Th\u1ee7y L\u1ef1c Castrol Hyspin AWS 68\"}]},{\"@type\":\"WebSite\",\"@id\":\"https:\\\/\\\/daunhottrongkhoi.com\\\/#website\",\"url\":\"https:\\\/\\\/daunhottrongkhoi.com\\\/\",\"name\":\"D\u1ea7u Nh\u1eddn Ch\u00ednh H\u00e3ng\",\"description\":\"D\u1ea7u m\u1ee1 nh\u1eddn ch\u00ednh h\u00e3ng\",\"potentialAction\":[{\"@type\":\"SearchAction\",\"target\":{\"@type\":\"EntryPoint\",\"urlTemplate\":\"https:\\\/\\\/daunhottrongkhoi.com\\\/?s={search_term_string}\"},\"query-input\":{\"@type\":\"PropertyValueSpecification\",\"valueRequired\":true,\"valueName\":\"search_term_string\"}}],\"inLanguage\":\"vi\"}]}<\/script>\n<!-- \/ Yoast SEO plugin. -->","yoast_head_json":{"title":"D\u1ea7u Th\u1ee7y L\u1ef1c Castrol Hyspin AWS 68 - D\u1ea7u Nh\u1eddn Ch\u00ednh H\u00e3ng","description":"Castrol Hyspin AWS 68\u00a0l\u00e0 d\u1ea7u th\u1ee7y l\u1ef1c\u00a0(Hydraulic Oil)\u00a0ch\u1ea5t l\u01b0\u1ee3ng cao. D\u1ea7u \u0111\u01b0\u1ee3c pha ch\u1ebf t\u1eeb d\u1ea7u g\u1ed1c kho\u00e1ng x\u1eed l\u00fd hydro cao c\u1ea5p (d\u1ea7u g\u1ed1c nh\u00f3m II). D\u1ea7u \u0111\u01b0\u1ee3c thi\u1ebft k\u1ebf \u0111\u1eb7c bi\u1ec7t v\u1edbi h\u1ec7 ph\u1ee5 gia ch\u1ed1ng m\u00e0i m\u00f2n g\u1ed1c k\u1ebdm c\u00f3 t\u00ednh n\u0103ng \u1ed5n \u0111\u1ecbnh. Mang l\u1ea1i kh\u1ea3 n\u0103ng ch\u1ed1ng m\u00e0i m\u00f2n v\u00e0 b\u1ec1n nhi\u1ec7t tuy\u1ec7t h\u1ea3o. H\u1ec7 ph\u1ee5 gia ch\u1ecdn l\u1ecdc & d\u1ea7u g\u1ed1c ch\u1ea5t l\u01b0\u1ee3ng cao \u0111\u1ea3m b\u1ea3o Castrol Hyspin AWS c\u00f3 t\u00ednh b\u1ec1n th\u1ee7y ph\u00e2n. V\u00e0 b\u1ec1n oxi h\u00f3a \u0111\u1ed3ng th\u1eddi gi\u1ea3m thi\u1ec3u kh\u1ea3 n\u0103ng t\u1ea1o c\u1eb7n.","robots":{"index":"index","follow":"follow","max-snippet":"max-snippet:-1","max-image-preview":"max-image-preview:large","max-video-preview":"max-video-preview:-1"},"canonical":"https:\/\/daunhottrongkhoi.com\/product\/castrol-hyspin-aws-68\/","og_locale":"vi_VN","og_type":"article","og_title":"D\u1ea7u Th\u1ee7y L\u1ef1c Castrol Hyspin AWS 68 - D\u1ea7u Nh\u1eddn Ch\u00ednh H\u00e3ng","og_description":"Castrol Hyspin AWS 68\u00a0l\u00e0 d\u1ea7u th\u1ee7y l\u1ef1c\u00a0(Hydraulic Oil)\u00a0ch\u1ea5t l\u01b0\u1ee3ng cao. D\u1ea7u \u0111\u01b0\u1ee3c pha ch\u1ebf t\u1eeb d\u1ea7u g\u1ed1c kho\u00e1ng x\u1eed l\u00fd hydro cao c\u1ea5p (d\u1ea7u g\u1ed1c nh\u00f3m II). D\u1ea7u \u0111\u01b0\u1ee3c thi\u1ebft k\u1ebf \u0111\u1eb7c bi\u1ec7t v\u1edbi h\u1ec7 ph\u1ee5 gia ch\u1ed1ng m\u00e0i m\u00f2n g\u1ed1c k\u1ebdm c\u00f3 t\u00ednh n\u0103ng \u1ed5n \u0111\u1ecbnh. Mang l\u1ea1i kh\u1ea3 n\u0103ng ch\u1ed1ng m\u00e0i m\u00f2n v\u00e0 b\u1ec1n nhi\u1ec7t tuy\u1ec7t h\u1ea3o. H\u1ec7 ph\u1ee5 gia ch\u1ecdn l\u1ecdc & d\u1ea7u g\u1ed1c ch\u1ea5t l\u01b0\u1ee3ng cao \u0111\u1ea3m b\u1ea3o Castrol Hyspin AWS c\u00f3 t\u00ednh b\u1ec1n th\u1ee7y ph\u00e2n. V\u00e0 b\u1ec1n oxi h\u00f3a \u0111\u1ed3ng th\u1eddi gi\u1ea3m thi\u1ec3u kh\u1ea3 n\u0103ng t\u1ea1o c\u1eb7n.","og_url":"https:\/\/daunhottrongkhoi.com\/product\/castrol-hyspin-aws-68\/","og_site_name":"D\u1ea7u Nh\u1eddn Ch\u00ednh H\u00e3ng","article_modified_time":"2026-04-14T07:21:20+00:00","og_image":[{"width":375,"height":375,"url":"http:\/\/daunhottrongkhoi.com\/wp-content\/uploads\/2022\/04\/castrol-drum.jpg.img_.375.medium-1.jpg","type":"image\/jpeg"}],"twitter_card":"summary_large_image","twitter_misc":{"\u01af\u1edbc t\u00ednh th\u1eddi gian \u0111\u1ecdc":"3 ph\u00fat"},"schema":{"@context":"https:\/\/schema.org","@graph":[{"@type":"WebPage","@id":"https:\/\/daunhottrongkhoi.com\/product\/castrol-hyspin-aws-68\/","url":"https:\/\/daunhottrongkhoi.com\/product\/castrol-hyspin-aws-68\/","name":"D\u1ea7u Th\u1ee7y L\u1ef1c Castrol Hyspin AWS 68 - D\u1ea7u Nh\u1eddn Ch\u00ednh H\u00e3ng","isPartOf":{"@id":"https:\/\/daunhottrongkhoi.com\/#website"},"primaryImageOfPage":{"@id":"https:\/\/daunhottrongkhoi.com\/product\/castrol-hyspin-aws-68\/#primaryimage"},"image":{"@id":"https:\/\/daunhottrongkhoi.com\/product\/castrol-hyspin-aws-68\/#primaryimage"},"thumbnailUrl":"https:\/\/daunhottrongkhoi.com\/wp-content\/uploads\/2022\/04\/castrol-drum.jpg.img_.375.medium-1.jpg","datePublished":"2026-04-13T08:58:51+00:00","dateModified":"2026-04-14T07:21:20+00:00","description":"Castrol Hyspin AWS 68\u00a0l\u00e0 d\u1ea7u th\u1ee7y l\u1ef1c\u00a0(Hydraulic Oil)\u00a0ch\u1ea5t l\u01b0\u1ee3ng cao. D\u1ea7u \u0111\u01b0\u1ee3c pha ch\u1ebf t\u1eeb d\u1ea7u g\u1ed1c kho\u00e1ng x\u1eed l\u00fd hydro cao c\u1ea5p (d\u1ea7u g\u1ed1c nh\u00f3m II). D\u1ea7u \u0111\u01b0\u1ee3c thi\u1ebft k\u1ebf \u0111\u1eb7c bi\u1ec7t v\u1edbi h\u1ec7 ph\u1ee5 gia ch\u1ed1ng m\u00e0i m\u00f2n g\u1ed1c k\u1ebdm c\u00f3 t\u00ednh n\u0103ng \u1ed5n \u0111\u1ecbnh. Mang l\u1ea1i kh\u1ea3 n\u0103ng ch\u1ed1ng m\u00e0i m\u00f2n v\u00e0 b\u1ec1n nhi\u1ec7t tuy\u1ec7t h\u1ea3o. H\u1ec7 ph\u1ee5 gia ch\u1ecdn l\u1ecdc & d\u1ea7u g\u1ed1c ch\u1ea5t l\u01b0\u1ee3ng cao \u0111\u1ea3m b\u1ea3o Castrol Hyspin AWS c\u00f3 t\u00ednh b\u1ec1n th\u1ee7y ph\u00e2n. V\u00e0 b\u1ec1n oxi h\u00f3a \u0111\u1ed3ng th\u1eddi gi\u1ea3m thi\u1ec3u kh\u1ea3 n\u0103ng t\u1ea1o c\u1eb7n.","breadcrumb":{"@id":"https:\/\/daunhottrongkhoi.com\/product\/castrol-hyspin-aws-68\/#breadcrumb"},"inLanguage":"vi","potentialAction":[{"@type":"ReadAction","target":["https:\/\/daunhottrongkhoi.com\/product\/castrol-hyspin-aws-68\/"]}]},{"@type":"ImageObject","inLanguage":"vi","@id":"https:\/\/daunhottrongkhoi.com\/product\/castrol-hyspin-aws-68\/#primaryimage","url":"https:\/\/daunhottrongkhoi.com\/wp-content\/uploads\/2022\/04\/castrol-drum.jpg.img_.375.medium-1.jpg","contentUrl":"https:\/\/daunhottrongkhoi.com\/wp-content\/uploads\/2022\/04\/castrol-drum.jpg.img_.375.medium-1.jpg","width":375,"height":375,"caption":"dau-thuy-luc-khong-kem-castrol-hyspin-hvi-68"},{"@type":"BreadcrumbList","@id":"https:\/\/daunhottrongkhoi.com\/product\/castrol-hyspin-aws-68\/#breadcrumb","itemListElement":[{"@type":"ListItem","position":1,"name":"Trang ch\u1ee7","item":"https:\/\/daunhottrongkhoi.com\/"},{"@type":"ListItem","position":2,"name":"Shop","item":"https:\/\/daunhottrongkhoi.com\/shop\/"},{"@type":"ListItem","position":3,"name":"D\u1ea7u Th\u1ee7y L\u1ef1c Castrol Hyspin AWS 68"}]},{"@type":"WebSite","@id":"https:\/\/daunhottrongkhoi.com\/#website","url":"https:\/\/daunhottrongkhoi.com\/","name":"D\u1ea7u Nh\u1eddn Ch\u00ednh H\u00e3ng","description":"D\u1ea7u m\u1ee1 nh\u1eddn ch\u00ednh h\u00e3ng","potentialAction":[{"@type":"SearchAction","target":{"@type":"EntryPoint","urlTemplate":"https:\/\/daunhottrongkhoi.com\/?s={search_term_string}"},"query-input":{"@type":"PropertyValueSpecification","valueRequired":true,"valueName":"search_term_string"}}],"inLanguage":"vi"}]}},"_links":{"self":[{"href":"https:\/\/daunhottrongkhoi.com\/wp-json\/wp\/v2\/product\/591","targetHints":{"allow":["GET"]}}],"collection":[{"href":"https:\/\/daunhottrongkhoi.com\/wp-json\/wp\/v2\/product"}],"about":[{"href":"https:\/\/daunhottrongkhoi.com\/wp-json\/wp\/v2\/types\/product"}],"replies":[{"embeddable":true,"href":"https:\/\/daunhottrongkhoi.com\/wp-json\/wp\/v2\/comments?post=591"}],"wp:featuredmedia":[{"embeddable":true,"href":"https:\/\/daunhottrongkhoi.com\/wp-json\/wp\/v2\/media\/462"}],"wp:attachment":[{"href":"https:\/\/daunhottrongkhoi.com\/wp-json\/wp\/v2\/media?parent=591"}],"wp:term":[{"taxonomy":"product_cat","embeddable":true,"href":"https:\/\/daunhottrongkhoi.com\/wp-json\/wp\/v2\/product_cat?post=591"},{"taxonomy":"product_tag","embeddable":true,"href":"https:\/\/daunhottrongkhoi.com\/wp-json\/wp\/v2\/product_tag?post=591"}],"curies":[{"name":"wp","href":"https:\/\/api.w.org\/{rel}","templated":true}]}}